0 - -4 - -3) + -6 + 5.
6
0 - (1 - 3) - (-6 + 7)
1
Calculate -1 + 3 + 3 + -5 - 2.
-2
Evaluate 3 + (-4 - 0 - -6).
5
What is the value of 0 - -2 - (0 + (0 - 2))?
4
Calculate 2 - (-2 - (-10 - -4) - -3).
-5
-1 + -3 - (8 - (19 + -8))
-1
What is the value of -2 + -2 - -5 - (-2 - -8)?
-5
What is -1 + (-3 - -6) + -1 + -6?
-5
What is 1 + -6 - (-1 + -3)?
-1
What is (5 + -5 - (-1 + -2)) + -3?
0
Evaluate -2 + (-4 - -4) + 0.
-2
What is the value of (-10 - -15 - 1) + 2?
6
Evaluate -17 - -9 - (2 - 5).
-5
0 + -3 + 9 - (-1 + 3)
4
31 + -19 - (5 - -2)
5
Evaluate 1 + 2 + -3 + 3.
3
Calculate 3 - (4 - (5 + -5)).
-1
What is 1 + 0 - (3 + (1 - 0))?
-3
What is the value of (-7 + 6 - -6) + -1 + -2?
2
Calculate (-14 - -10) + (-1 - (1 - 2)).
-4
Calculate -3 - (-5 - (-4 + 4)) - 7.
-5
(13 - 1) + (7 - 8) + 0
11
What is the value of -6 + 2 - (-12 - -2)?
6
Calculate 3 + -3 + 5 - 0.
5
Calculate -1 + 6 + -3 + -3.
-1
What is the value of -5 + 1 - (-2 - 1)?
-1
What is the value of 0 + 4 - 0 - (-1 - -5)?
0
Evaluate 2 - 1 - (5 + -6).
2
Calculate (0 - 1 - -4) + (-6 - 2).
-5
What is the value of 5 + -4 + 1 + 2 + -6?
-2
Calculate (0 - (5 + -2)) + (-11 - -9).
-5
What is 8 - (-7 - -27) - -3?
-9
Evaluate 20 + -1 + -11 + (-8 - -2).
2
What is the value of -5 - -1 - (-22 + 19)?
-1
Evaluate -6 - (-5 - (-2 + -2 + 2)).
-3
Evaluate 14 - (22 - 6) - (-3 + 1).
0
What is 0 - -3 - (-15 - -18)?
0
-2 - (-6 - (-3 - 7))
-6
2 + 2 + -8 + 3
-1
What is 3 - (2 - (1 + (-2 - -3)))?
3
-11 - -6 - (-9 + 0)
4
Calculate 3 - (-9 + 17) - (-1 - 0).
-4
What is -95 - -82 - (1 + -6)?
-8
What is 9 + 5 + 6 + -15 + 0?
5
What is 3 - (2 - 2) - 1?
2
What is (-5 - (-4 - -5) - -11) + 0?
5
4 - (-1 - (3 - 10))
-2
4 + -7 + 1 + -3
-5
-7 - ((2 - 4) + 0)
-5
What is -3 + (5 - 5) + 2?
-1
Evaluate 5 - (2 + -4) - (6 + -3).
4
What is the value of -1 - (-4 + (1 - (5 + -3)))?
4
What is -2 + -1 - (-102 + 101)?
-2
What is the value of 0 + -6 + (1 - -2)?
-3
What is the value of -6 - (-6 - -1 - (-9 - -5))?
-5
13 + -11 - (0 - (-1 - -4))
5
What is -4 + 5 + -3 - -8?
6
What is (4 + -2 - -2) + -4?
0
What is the value of -2 - (1 - (-3 + 6))?
0
-2 + 2 - 4 - (6 + -6)
-4
Calculate -11 + 0 - (-68 - -56).
1
What is -2 + 10 + -3 - (-4 - -5)?
4
What is the value of (6 - ((1 - -4) + -1)) + 0?
2
What is -4 + 1 + (-1 - -5) + 1?
2
What is 24 + -15 + (1 - 9)?
1
(2 - 9) + -4 - -5
-6
What is 5 - (-7 + -2 + 7) - 5?
2
What is -1 - 1 - (-9 - (3 - 10))?
0
What is the value of (2 - 5) + -1 - -3?
-1
Evaluate 4 - (17 + -16 - (-2 - 4)).
-3
Evaluate 28 + -25 - (6 - 3 - -3).
-3
What is 1 + -4 + (-3 - -9)?
3
What is the value of (-5 - (1 - 2)) + 3?
-1
-6 + (10 - (3 + -2))
3
Calculate 3 + -3 - (4 - (4 + -1)).
-1
Calculate -13 + 0 + 1 - (-522 - -517).
-7
What is 4 - (7 + -1 + -2 - 3)?
3
What is the value of -3 + -1 + 4 - (-4 + 6)?
-2
Calculate -15 + 26 - (17 + -3).
-3
-6 - (-16 - (-5 - 2))
3
Evaluate -4 - (-1 + (2 - 6) - -4).
-3
What is -19 - -9 - -19 - 2?
7
-5 - (8 - (0 + 7))
-6
Calculate -73 + 50 + (-1 - -13).
-11
What is 4 - (5 + 0 - 3)?
2
Evaluate 2 + (-4 - (10 - 7)).
-5
What is -4 + 8 + -14 + 8?
-2
What is -1 + 8 - (8 + -8)?
7
Evaluate -14 + (7 - -5) - -1.
-1
Evaluate -5 + 5 + 3 - 4.
-1
What is (7 + (-3 - -3) - 15) + 0?
-8
4 + (3 + -4 - 5)
-2
Calculate -2 + 1 - (-12 + (1 - -3)).
7
Calculate -20 + (0 - (-4 - 1)) + 7.
-8
Evaluate 11 + -9 + 2 + 1.
5
What is -10 + -5 + -2 - -13?
-4
-2 - 1 - (-7 - -4)
0
3 + (11 - 9 - 11)
-6
Calculate -2 + (1 + 2 + -2 - 3).
-4
What is -6 - (2 + -4) - -3?
-1
(-4 - -1) + 5 + (0 - -1)
3
Calculate -3 - -2 - (-4 - -10).
-7
Evaluate -3 + 4 + 0 + (4 - 1).
4
What is -9 + (3 + 5 - -8)?
7
Evaluate -6 + 1 + (15 - 11) + -1.
-2
What is 0 + 7 + -40 + 37?
4
Evaluate -2 + (-6 - (-10 + 3)) + 4.
3
Calculate 8 + -15 - -2 - 2.
-7
Calculate -1 - (-8 - (2 - (1 + 3))).
5
What is the value of 2 + (3 - (7 + -2)) - 1?
-1
What is the value of (-2 - -2 - -6) + 1 + -3?
4
What is 4 + (3 - 5) - 4?
-2
Calculate (-13 - (-12 + -4)) + -14.
-11
What is the value of 2 - (-2 + 9) - (-121 - -121)?
-5
What is (-21 - -21) + (1 - 4)?
-3
Evaluate 3 + 7 + -2 + (3 - 5).
6
Calculate (3 - 7) + (-1 - (-4 + -3)).
2
(4 - 7) + 11 + -13
-5
Evaluate 7 + -5 + 4 - 9.
-3
What is 10 - (-1 - 10 - -16)?
5
(-2 - (-3 - -7)) + 7
1
Evaluate 7 + (3 + 1 - (0 - -10)).
1
(-1 - (1 - 1)) + (4 - -1)
4
What is (-3 - ((-4 - -7) + -1)) + 3?
-2
Calculate -33 + 35 - (-1 - 1).
4
3 + (1 - (-9 + 12))
1
Evaluate 5 - (-4 + (2 - -4)).
3
-52 - -37 - (-2 - 4)
-9
What is -6 - -10 - -3 - (7 + 0)?
0
What is the value of -4 - ((-3 + 5 - -1) + -7)?
0
Evaluate (0 + 3 - (13 + -14)) + 0.
4
Evaluate -4 + 0 + -1 + 1 + 0.
-4
What is 7 + -6 + -14 - -10?
-3
Calculate -2 - 7 - (-71 - -55).
7
Evaluate 8 + -11 + (-2 - (-5 - -8)).
-8
What is the value of -4 + -2 + (-7 - -5)?
-8
What is (6 - (3 - -5)) + (1 - 1)?
-2
Calculate 18 + -5 + -19 + 0.
-6
0 + 0 + (7 - 6)
1
What is the value of 9 - (1 + (-6 - -9))?
5
Evaluate -6 + (-5 + -6 + 7 - 1).
-11
Evaluate 7 - (0 - (-4 + -6)).
-3
(-3 - -1) + 7 - 0
5
Calculate (2 - 13) + 3 + -1 - -2.
-7
4 - 1 - (1 + -2)
4
What is the value of (-3 - -3) + 3 - (14 - 11)?
0
What is the value of 4 - ((-5 - -5) + (4 - 0))?
0
What is the value of 9 - 12 - (0 + -1) - -2?
0
Evaluate (-3 + 5 + 5 - -2) + 1.
10
What is the value of -6 + 1 + -3 + (14 - 2)?
4
What is the value of -3 - (-1 - -1 - (-1 - -2))?
-2
What is the value of 0 + 0 + (5 + 7 - 6)?
6
Calculate 21 - 18 - (0 + 0 - -5).
-2
What is the value of -9 + 14 + -3 - 5?
-3
What is the value of 0 + 2 + -10 + 2 + 2?
-4
Calculate 5 + 0 - -1 - (-15 + 13).
8
Calculate -7 - -5 - (-2 - -6).
-6
Evaluate -2 + 4 + (1 + -2 - 0).
1
Calculate (0 - (0 + 1)) + 33 + -35.
-3
What is the value of 0 - (-3 + 0 - -6)?
-3
-6 + 5 + -4 + 21 + -8
8
What is (104 - 103) + (3 - 1)?
3
What is the value of -5 + 3 - (-6 - -1)?
3
What is the value of (-1 - -8) + 0 + (-4 - -2)?
5
What is 0 - (-1 + 0) - (-1 + -3)?
5
3 + (-2 + -1 - 2) + -2
-4
Evaluate 9 + 0 + (22 - 34).
-3
What is -8 + (-7 - -8) - (8 - 25)?
10
-10 - (-22 + 8 + 7)
-3
-12 + 13 + 1 + -4
-2
Calculate 3 - 7 - (5 - (0 + 6)).
-3
What is 14 + -15 + (0 - 2)?
-3
Calculate -8 + 5 + 4 + -1.
0
Evaluate -5 - -8 - (1 + 2).
0
What is -12 + 5 + 5 - 5?
-7
Calculate -17 - ((4 - 6) + -9).
-6
What is 1 + 1 - (1 - 3)?
4
Evaluate 2 + 4 + 0 + -2.
4
-1 - -2 - (4 + -7 + 4)
0
What is the value of -3 - ((0 - 1) + -3 + 2)?
-1
What is (10 + 4 - 3 - 1) + -4?
6
Evaluate 3 - (15 + -15 + 3).
0
Evaluate (-1 - -6) + (4 - -1 - 9).
1
Evaluate -7 + 1 + -3 + 10.
1
2 + (3 - 2) + 2
5
What is (-7 - (8 + -12)) + (-1 - -1)?
-3
Evaluate 3 + -4 + -8 + 7 + 8.
6
Calculate 2 + 1 - (-11 - -6).
8
What is 8 - 1 - (-7 + 21)?
-7
5 + -2 - -5 - 3
5
What is 2 + (-3 - 1 - -7) + -3?
2
Calculate 0 - (2 - (-3 + 2) - 2).
-1
What is (-1 + 2 - 0) + -1 - -2?
2
Calculate -5 + -1 - -14 - 4 - 8.
-4
Calculate 0 + 0 + 26 + -27.
-1
-3 + -1 + (12 - 3)
5
Evaluate -3 + 1 + 3 + 4 + -4.
1
What is the value of 5 + -1 + (2 - 9)?
-3
Evaluate -9 + (3 - -5) + -5.
-6
What is the value of 15 + -10 - (6 - 3)?
2
Evaluate (-4 - (5 + -16)) + 1 + 0.
8
What is (-2 - (-4 - -6)) + -1 + 10?
5
8 - (3 + -7 - (-2 + -7))
3
Evaluate (191 - 182) + -1 + -17.
-9
Evaluate 0 + -5 + -3 - -4.
-4
What is 4 + (3 - 7) - (3 + -1)?
-2
Calculate -10 - -3 - (-21 - -17).
-3
What is the value of -3 + (5 - (4 + -8)) + -5?
1
What is 7 - 3 - (8 + -8 + 6)?
-2
What is (1 - 5) + (-14 - -14)?
-4
Evaluate 1 - (5 - 0 - (-24 + 30)).
2
What is 3 + (0 - (3 - 4)) + -5?
-1
Evaluate 4 + -5 + -3 + 3.
-1
What is the value of (15 - 12) + 0 + 1?
4
What is (-1 - 2) + -6 + (-5 - -9)?
-5
Evaluate 9 - (-6 + 19 + -3).
-1
What is the value of 9 - (-5 + 0 + 8)?
6
Evaluate -1 + (-4 - -8) + -2.
1
2 - -4 - 0 - 5
1
Calculate 5 + (-1 - -3 - (14 + -9)).
2
What is the value of -2 + 11 + -9 + 2?
2
What is the value of 3 + -5 + 2 - -3?
3
Calculate (0 - 3) + (-2 - 0 - -5).
0
(2 - 0) + (0 - -1 - 5)
-2
-13 + 4 + 15 - (-1 - 0)
7
What is 0 + (-4 - (2 + -1 + 3))?
-8
What is (2 - (3 - 5 - -5)) + -1?
-2
What is 0 - (-2 + 6) - -2?
-2
(4 - -3) + 6 + -9
4
What is the value of (3 - (8 + -1)) + 4?
0
What is the value of -1 + -8 + (0 - (3 - 7))?
-5
What is 7 + 1 - 3 - 0?
5
Calculate 3 + -12 + (5 - 2).
-6
What is 5 - 9 - (-3 + -1)?
0
Evaluate -8 + -1 + 2 - (-160 - -147).
6
What is the value of -3 + 0 + (-6 + 15 - 2)?
4
(10 - 8) + (2 - -1) + -4
1
Calculate 0 - 1 - 1 - -1.
-1
Calculate -1 - 0 - (-8